 greatest common divisor of u and 11?
11
Let k be (-5 - -6) + (-886)/(-2). Let a = -316 + k. Calculate the greatest common divisor of a and 16.
16
Suppose 3*z = -4*h - h + 87, 0 = -5*z - 3*h + 161. Calculate the greatest common divisor of z and 374.
34
Let y(o) = o**3 + 15*o**2 - o - 8. Let m be y(-15). Suppose 11*r - m*r = 32. Let h = 7 + 1. Calculate the greatest common factor of h and r.
8
Let q be ((-50)/(-8))/(2/8). Suppose q = -h + 2*h. Suppose n - 6*n = -1125. What is the highest common divisor of n and h?
25
Let m(n) = 8*n**2 + n - 4. Let f be m(-4). Suppose 0 = -3*k, 0*d + 3*k + f = 4*d. Calculate the highest common factor of d and 45.
15
Suppose 60*l - 55*l - 180 = 0. Calculate the greatest common factor of 9 and l.
9
Let o(u) = u + 6. Let t be o(-1). What is the highest common factor of t and 35?
5
Let m(k) = 4*k + 6. Let r(v) = v - 1. Let x(p) = m(p) + 5*r(p). Let j be x(-3). Let a = 70 - j. What is the greatest common divisor of a and 12?
12
Suppose 0 = 6*i + 3*i - 252. What is the highest common factor of i and 42?
14
Let b be ((-30)/(-9))/(4/6). Let h = 4 + -2. Suppose -h*m = -7 - b. What is the greatest common divisor of m and 2?
2
Let m(d) = -d**2 + 12*d - 31. Let r be m(7). Calculate the greatest common divisor of r and 20.
4
Let g(l) = l**2 - 21*l + 70. Let h be g(18). Let n be (-4)/(-10) - (-4)/(-10). Suppose n*t = -t + 8. Calculate the greatest common divisor of t and h.
8
Let t be (3/1)/(9/24). Suppose -w - 16 - t = 0. Let z = w + 36. Calculate the highest common divisor of z and 48.
12
Suppose -2*d - 116 + 470 = 0. Let w be d + 1 - (7 + -5). Let a be 6*(-8)/9*-3. Calculate the highest common factor of a and w.
16
Let r = 29 + -18. Let o be 1*(2/(-1) - -3). What is the highest common factor of o and r?
1
Let p be 20*1/(5/4). Let i(a) = 4*a**2 - 3*a + 4. Let y be i(-4). Calculate the highest common factor of p and y.
16
Suppose p + 102 = 3*f - 4*p, -170 = -5*f - 5*p. Let m = -19 + f. What is the highest common factor of 75 and m?
15
Suppose 1 = 5*f - 39. Suppose 3*a = 2*j + 20, -2*a - 5*j + 8 = 1. Let s be (-2)/(-4) - (-3)/a. What is the highest common divisor of f and s?
1
Suppose 5*v = 2*q + 970 + 298, -2*v - q = -500. What is the highest common factor of v and 28?
28
Suppose 31 = 4*v - 97. Suppose o - v - 133 = 0. Calculate the greatest common divisor of o and 15.
15
Suppose -5*h = p - 3*h - 7, 3*h = -3*p + 18. Suppose 4*i = p*i - 1. Let y be (-12)/i*(-14)/8. What is the greatest common divisor of 63 and y?
21
Let p = -10 + 22. Calculate the greatest common factor of p and 12.
12
Let v(g) be the first derivative of -g**4/4 + 4*g**3/3 - 2*g**2 + 2*g + 6. Let w be v(2). Calculate the highest common factor of 2 and w.
2
Let t(w) = w**2 - w - 5. Let f be t(0). Let o = 6 - f. Calculate the greatest common divisor of 99 and o.
11
Let r(t) = 47*t - 1. Let q be r(2). Let b = q + -65. Calculate the greatest common divisor of b and 70.
14
Suppose 4*y + 5*m - 66 = 0, 3*y - 5*m = -3*m + 38. Calculate the greatest common factor of y and 28.
14
Suppose 0*v = -5*v - 2*q - 1210, 2*q = 0. Suppose 0 = 4*b - 4*c + 628, -5*c - 209 = 2*b + 105. Let l = b - v. What is the greatest common divisor of l and 34?
17
Suppose h + 4*n = -3*h + 80, -5*h + 92 = -3*n. Calculate the greatest common divisor of h and 57.
19
Let c be (-321)/(-21) - 2/7. Let b(q) = -11*q + 1. Let o be b(-4). Calculate the highest common factor of o and c.
15
Suppose 48 + 4 = 4*p. Calculate the greatest common divisor of 65 and p.
13
Suppose 0 = 2*l - 6 - 68. Suppose -5*p + 4*j = 115 - 12, 0 = -3*p + j - 66. Let k = l + p. Calculate the highest common factor of k and 112.
14
Suppose -4*b + 575 + 385 = 0. Suppose -b = m - 5*m. Suppose 2*x = 6, x + 4*x = 5*w - 45. What is the greatest common divisor of w and m?
12
Suppose -27 = -4*t + 81. What is the greatest common factor of 216 and t?
27
Let h(k) = k**3 - 4*k**2 - 7. Let j be h(5). Calculate the greatest common factor of 6 and j.
6
Let l(i) be the second derivative of i**3/3 - i**2 - 2*i. Let t be l(9). Suppose -4*q + 31 = 15. What is the greatest common factor of q and t?
4
Let x = 64 + -160. Let m be 3 - (x/4 + 2). What is the highest common divisor of 125 and m?
25
Suppose -134 = 4*d - 5*t, 2*d - 85 = 5*d + 4*t. Let o be (7 + -5)/((-1)/d). Let p = -43 + o. Calculate the greatest common divisor of p and 95.
19
Let n(w) = -w**3 + 7*w**2 + 7*w - 1. Let a be n(6). What is the highest common divisor of 11 and a?
11
Let s(h) = -h**3 + 7*h**2 - 6*h + 1. Let n be s(6). Let d be (n + -5 + -1)/(-1). Suppose -6*f = -d*f - 4. What is the highest common factor of 8 and f?
4
Let z(d) = 4*d**2. Let t be z(-1). Let b = t - -16. Calculate the greatest common divisor of b and 10.
10
Let a(k) = 2*k**2 + 7*k + 12. Let g be a(-9). Calculate the highest common factor of g and 3.
3
Suppose 3*q + 4*a = 126, 2*a + 4 = -2. Calculate the highest common factor of q and 23.
23
Suppose 0 = 5*j + 6*v - 4*v - 171, 0 = 2*j + 4*v - 78. Calculate the highest common factor of 165 and j.
33
Let d = 64 - 45. Calculate the greatest common divisor of d and 19.
19
Suppose -675 = 7*i - 2831. What is the highest common divisor of 28 and i?
28
Suppose -4*r + 2*r + 304 = 0. Let x be (0/1)/(-2) + 19. What is the greatest common factor of r and x?
19
Suppose 5*p + 8*v = 4*v + 45, 2*p + v = 21. Let f(g) = g**2 - 9*g + 4. Let h be f(11). What is the highest common divisor of h and p?
13
Let h(c) = c**2 + 8*c + 10. Let z be h(-7). Calculate the highest common divisor of z and 3.
3
Suppose 5*l - 2 = 3. Calculate the greatest common divisor of l and 7.
1
Suppose -2*x + 5 = -3. Suppose 45 = x*m - m. What is the greatest common factor of m and 45?
15
Let y be 9/((-5)/((-240)/9)). Calculate the highest common factor of 12 and y.
12
Let n = 3 + -2. Let q be 2 - (n - 0 - 0). Let t(y) = -y**2 - 4*y + 1. Let s be t(-4). Calculate the greatest common divisor of q and s.
1
Suppose -2*i + 29 = q, -i + 2*q = 4*q - 13. Suppose 226 = 2*u - 44. Calculate the highest common divisor of u and i.
15
Let q = -11 + 12. Let p be (q - -134)*(-8)/(-20). What is the greatest common divisor of p and 6?
6
Let s = 31 - 8. What is the highest common factor of 23 and s?
23
Suppose 33 = 11*d - 8*d. Calculate the greatest common factor of d and 99.
11
Suppose 5*p - 193 = -3*a, a = 4*p - 67 - 84. Calculate the greatest common divisor of 95 and p.
19
Let a be (2 - (-56)/20)/(1/5). What is the highest common divisor of 48 and a?
24
Let t be 80/3*48/40. What is the greatest common divisor of t and 8?
8
Let u = 7 + 17. What is the highest common divisor of u and 48?
24
Let l = -60 - -35. Let f = 93 + l. Calculate the greatest common factor of f and 17.
17
Let c(k) = k**3 + 14*k**2 + 27*k + 10. Let h be c(-11). Calculate the highest common factor of h and 4.
4
Let z(u) = -2*u - u**2 + 2*u + 3 - 6*u. Let x be z(-5). What is the highest common divisor of x and 1?
1
Suppose 4*c = 52 + 12. Calculate the highest common factor of 48 and c.
16
Suppose 4*z = 2*z + 4. Suppose -2*i + 2 = z*p - 4, -15 = -5*i - 4*p. Suppose -267 = -i*g - 78. What is the highest common factor of 7 and g?
7
Suppose 5*x = -0*x - 25, -4*r + 2*x = -406. What is the highest common divisor of r and 9?
9
Suppose -g + 46 + 34 = 0. Let r be (4/(-8))/((-2)/g). Let f = -5 + r. What is the highest common divisor of 135 and f?
15
Suppose 7*u - o = 4*u + 118, -u = -2*o - 36. Calculate the greatest common factor of 8 and u.
8
Suppose -4*g + 25 = 5. Let k be (-20)/(-3)*6/g. Let a be (-8)/3*(-18)/k. What is the highest common divisor of 12 and a?
6
Let m = 525 + -334. Suppose -m = -3*q + 313. What is the greatest common factor of q and 21?
21
Suppose 5*l = -3*z + 62, 3*z - 4*l + l = 78. What is the greatest common divisor of 216 and z?
24
Suppose 21 = v - 2*u, 4*v - 4*u - 74 = -u. Let l(x) = -x**3 - 7*x**2 - 21*x - 28. Let d be l(-7). What is the highest common factor of v and d?
17
Let n = -13 - -23. Suppose 5*m - 50 = -0*m. Calculate the highest common factor of n and m.
10
Let a be 21 + -1 + 2*-1. Suppose -r = 5*l - 17, l + 19 = 2*r + 6*l. What is the greatest common divisor of a and r?
2
Suppose 9*t = 13*t. Suppose -5*s + 2 = -4*s. Suppose 4*w - 5*m = 432, t = -s*m - 0*m. Calculate the highest common divisor of w and 12.
12
Suppose -4*r + 541 + 3